{"id":7080,"date":"2026-01-26T13:56:03","date_gmt":"2026-01-26T12:56:03","guid":{"rendered":"https:\/\/www.stockelevents.de\/katalog\/?post_type=product&#038;p=7080"},"modified":"2026-01-26T14:11:04","modified_gmt":"2026-01-26T13:11:04","slug":"getraenkepauschale-kinder","status":"publish","type":"product","link":"https:\/\/www.stockelevents.de\/katalog\/produkt\/getraenkepauschale-kinder\/","title":{"rendered":"Getr\u00e4nkepauschale Kinder"},"content":{"rendered":"<p>Beinhaltet Auswahl an Softgetr\u00e4nken, S\u00e4ften und alkoholfreien Cocktails.<\/p>\n<p>Personal, Gl\u00e4ser, Zubeh\u00f6r, Getr\u00e4nke inklusive.<\/p>\n<p>6h inklusive.<\/p>\n","protected":false},"excerpt":{"rendered":"<p>Beinhaltet Auswahl an Softgetr\u00e4nken, S\u00e4ften und alkoholfreien Cocktails. Personal, Gl\u00e4ser, Zubeh\u00f6r, Getr\u00e4nke inklusive. 6h inklusive.<\/p>\n","protected":false},"featured_media":7081,"template":"","meta":{"_acf_changed":false},"product_brand":[],"product_cat":[505,300],"product_tag":[328,509,354],"class_list":{"0":"post-7080","1":"product","2":"type-product","3":"status-publish","4":"has-post-thumbnail","6":"product_cat-dienstleistung","7":"product_cat-mobile-cocktailbar","8":"product_tag-bar","9":"product_tag-cocktails","10":"product_tag-getraenke","12":"first","13":"instock","14":"shipping-taxable","15":"purchasable","16":"product-type-simple"},"acf":[],"_links":{"self":[{"href":"https:\/\/www.stockelevents.de\/katalog\/wp-json\/wp\/v2\/product\/7080","targetHints":{"allow":["GET"]}}],"collection":[{"href":"https:\/\/www.stockelevents.de\/katalog\/wp-json\/wp\/v2\/product"}],"about":[{"href":"https:\/\/www.stockelevents.de\/katalog\/wp-json\/wp\/v2\/types\/product"}],"wp:featuredmedia":[{"embeddable":true,"href":"https:\/\/www.stockelevents.de\/katalog\/wp-json\/wp\/v2\/media\/7081"}],"wp:attachment":[{"href":"https:\/\/www.stockelevents.de\/katalog\/wp-json\/wp\/v2\/media?parent=7080"}],"wp:term":[{"taxonomy":"product_brand","embeddable":true,"href":"https:\/\/www.stockelevents.de\/katalog\/wp-json\/wp\/v2\/product_brand?post=7080"},{"taxonomy":"product_cat","embeddable":true,"href":"https:\/\/www.stockelevents.de\/katalog\/wp-json\/wp\/v2\/product_cat?post=7080"},{"taxonomy":"product_tag","embeddable":true,"href":"https:\/\/www.stockelevents.de\/katalog\/wp-json\/wp\/v2\/product_tag?post=7080"}],"curies":[{"name":"wp","href":"https:\/\/api.w.org\/{rel}","templated":true}]}}