{"id":7095,"date":"2026-01-27T08:57:28","date_gmt":"2026-01-27T07:57:28","guid":{"rendered":"https:\/\/www.stockelevents.de\/katalog\/?post_type=product&#038;p=7095"},"modified":"2026-01-27T09:51:53","modified_gmt":"2026-01-27T08:51:53","slug":"festzelt-8m-breite-3m-raster","status":"publish","type":"product","link":"https:\/\/www.stockelevents.de\/katalog\/produkt\/festzelt-8m-breite-3m-raster\/","title":{"rendered":"Festzelt 8m Breite, 3m Raster"},"content":{"rendered":"<p>verf\u00fcgbare Gr\u00f6\u00dfen: 8x6m, 8x9m, 8x12m, 8x15m, 8x18m, 8x21m<\/p>\n<ul>\n<li>nur mit Kassettenboden erh\u00e4ltlich<\/li>\n<li>Zusatzkosten entstehen f\u00fcr den Transport, sowie bei Tragewege \u00fcber 10m Entfernung vom Fahrzeug zur Baufl\u00e4ch\n<div class=\"page\" title=\"Page 6\">\n<div class=\"layoutArea\">\n<div class=\"column\">\n<p>Preis auf Anfrage<\/p>\n<\/div>\n<\/div>\n<\/div>\n<\/li>\n<\/ul>\n<p>&nbsp;<\/p>\n","protected":false},"excerpt":{"rendered":"<p>verf\u00fcgbare Gr\u00f6\u00dfen: 8x6m, 8x9m, 8x12m, 8x15m, 8x18m, 8x21m nur mit Kassettenboden erh\u00e4ltlich Zusatzkosten entstehen f\u00fcr den Transport, sowie bei Tragewege \u00fcber 10m Entfernung vom Fahrzeug zur Baufl\u00e4ch Preis auf Anfrage &nbsp;<\/p>\n","protected":false},"featured_media":7096,"template":"","meta":{"_acf_changed":false},"product_brand":[],"product_cat":[298],"product_tag":[513,512,497],"class_list":{"0":"post-7095","1":"product","2":"type-product","3":"status-publish","4":"has-post-thumbnail","6":"product_cat-partyzelt","7":"product_tag-festzelt","8":"product_tag-partyzelt","9":"product_tag-zelt","11":"first","12":"instock","13":"shipping-taxable","14":"product-type-simple"},"acf":[],"_links":{"self":[{"href":"https:\/\/www.stockelevents.de\/katalog\/wp-json\/wp\/v2\/product\/7095","targetHints":{"allow":["GET"]}}],"collection":[{"href":"https:\/\/www.stockelevents.de\/katalog\/wp-json\/wp\/v2\/product"}],"about":[{"href":"https:\/\/www.stockelevents.de\/katalog\/wp-json\/wp\/v2\/types\/product"}],"wp:featuredmedia":[{"embeddable":true,"href":"https:\/\/www.stockelevents.de\/katalog\/wp-json\/wp\/v2\/media\/7096"}],"wp:attachment":[{"href":"https:\/\/www.stockelevents.de\/katalog\/wp-json\/wp\/v2\/media?parent=7095"}],"wp:term":[{"taxonomy":"product_brand","embeddable":true,"href":"https:\/\/www.stockelevents.de\/katalog\/wp-json\/wp\/v2\/product_brand?post=7095"},{"taxonomy":"product_cat","embeddable":true,"href":"https:\/\/www.stockelevents.de\/katalog\/wp-json\/wp\/v2\/product_cat?post=7095"},{"taxonomy":"product_tag","embeddable":true,"href":"https:\/\/www.stockelevents.de\/katalog\/wp-json\/wp\/v2\/product_tag?post=7095"}],"curies":[{"name":"wp","href":"https:\/\/api.w.org\/{rel}","templated":true}]}}