{"id":7147,"date":"2026-02-12T14:46:20","date_gmt":"2026-02-12T13:46:20","guid":{"rendered":"https:\/\/www.stockelevents.de\/katalog\/?post_type=product&#038;p=7147"},"modified":"2026-02-12T14:46:21","modified_gmt":"2026-02-12T13:46:21","slug":"kartenbox","status":"publish","type":"product","link":"https:\/\/www.stockelevents.de\/katalog\/produkt\/kartenbox\/","title":{"rendered":"Kartenbox"},"content":{"rendered":"<p>aus Glas mit goldenen R\u00e4ndern<\/p>\n<p>Gr\u00f6\u00dfe: \u00a0 24 x 32 x 15 cm<\/p>\n","protected":false},"excerpt":{"rendered":"<p>aus Glas mit goldenen R\u00e4ndern Gr\u00f6\u00dfe: \u00a0 24 x 32 x 15 cm<\/p>\n","protected":false},"featured_media":7148,"template":"","meta":{"_acf_changed":false},"product_brand":[],"product_cat":[299],"product_tag":[481,541,542,327,540],"class_list":{"0":"post-7147","1":"product","2":"type-product","3":"status-publish","4":"has-post-thumbnail","6":"product_cat-hochzeit","7":"product_tag-box","8":"product_tag-briefe","9":"product_tag-grusskarten","10":"product_tag-hochzeit","11":"product_tag-karten","13":"first","14":"instock","15":"shipping-taxable","16":"purchasable","17":"product-type-simple"},"acf":[],"_links":{"self":[{"href":"https:\/\/www.stockelevents.de\/katalog\/wp-json\/wp\/v2\/product\/7147","targetHints":{"allow":["GET"]}}],"collection":[{"href":"https:\/\/www.stockelevents.de\/katalog\/wp-json\/wp\/v2\/product"}],"about":[{"href":"https:\/\/www.stockelevents.de\/katalog\/wp-json\/wp\/v2\/types\/product"}],"wp:featuredmedia":[{"embeddable":true,"href":"https:\/\/www.stockelevents.de\/katalog\/wp-json\/wp\/v2\/media\/7148"}],"wp:attachment":[{"href":"https:\/\/www.stockelevents.de\/katalog\/wp-json\/wp\/v2\/media?parent=7147"}],"wp:term":[{"taxonomy":"product_brand","embeddable":true,"href":"https:\/\/www.stockelevents.de\/katalog\/wp-json\/wp\/v2\/product_brand?post=7147"},{"taxonomy":"product_cat","embeddable":true,"href":"https:\/\/www.stockelevents.de\/katalog\/wp-json\/wp\/v2\/product_cat?post=7147"},{"taxonomy":"product_tag","embeddable":true,"href":"https:\/\/www.stockelevents.de\/katalog\/wp-json\/wp\/v2\/product_tag?post=7147"}],"curies":[{"name":"wp","href":"https:\/\/api.w.org\/{rel}","templated":true}]}}